{"id":887,"date":"2025-05-27T23:41:37","date_gmt":"2025-05-27T23:41:37","guid":{"rendered":"https:\/\/blackrhinotoolpro.com\/?post_type=product&#038;p=887"},"modified":"2025-12-01T13:31:17","modified_gmt":"2025-12-01T13:31:17","slug":"rh-2033-juego-de-llaves-hexagonales-magneticas-de-brazo-corto-9-piezas","status":"publish","type":"product","link":"https:\/\/blackrhinotoolpro.com\/index.php\/producto\/rh-2033-juego-de-llaves-hexagonales-magneticas-de-brazo-corto-9-piezas\/","title":{"rendered":"RH-2034 Juego de llaves hexagonales magn\u00e9ticas de brazo largo (9 piezas)"},"content":{"rendered":"<p>Caracter\u00edsticas:<\/p>\n<p>&#8211; Fabricado en cromo-vanadio con tratamiento mate para evitar la oxidaci\u00f3n y aumentar su durabilidad.<br \/>\n&#8211; Dise\u00f1o moderno de soporte fabricado en PVC blando.<br \/>\n&#8211; Alto par de salida.<br \/>\n&#8211; Magnetizador que permite a\u00f1adir o quitar imanes f\u00e1cilmente.<br \/>\n&#8211; Llave hexagonal de brazo largo con punta esf\u00e9rica.<\/p>\n<p>El prop\u00f3sito principal de una llave hexagonal o llave Allen es, por supuesto, atornillar y desatornillar tornillos de cabeza hueca, com\u00fanmente conocidos como tornillos hexagonales. Los tornillos hexagonales son muy comunes en el dise\u00f1o de muebles prefabricados; adem\u00e1s, suelen incluir al menos una o dos llaves Allen en el paquete. El ciclismo tambi\u00e9n es un gran consumidor de tornillos hexagonales, ya que se utilizan en el montaje de todas las piezas de la bicicleta, como el cuadro, los frenos, el sistema de cambio de marchas, etc. Con el juego de 9 llaves hexagonales de brazo largo Ronix RH-2034, es imposible perder una llave, ya que todas est\u00e1n conectadas por un moderno soporte. Es un juego de llaves pr\u00e1ctico, f\u00e1cil de transportar y compacto. El kit incluye los siguientes tama\u00f1os de llave Allen: 1,5, 2, 2,5, 3, 4, 5, 6, 8 y 10 mm.<\/p>\n<p>&nbsp;<\/p>\n<p>&nbsp;<\/p>\n","protected":false},"excerpt":{"rendered":"<p>Caracter\u00edsticas: &#8211; Fabricado en cromo-vanadio con tratamiento mate para evitar la oxidaci\u00f3n y aumentar su durabilidad. &#8211; Dise\u00f1o moderno de [&hellip;]<\/p>\n","protected":false},"featured_media":895,"template":"","meta":{"content-type":"","site-sidebar-layout":"default","site-content-layout":"","ast-site-content-layout":"default","site-content-style":"default","site-sidebar-style":"default","ast-global-header-display":"","ast-banner-title-visibility":"","ast-main-header-display":"","ast-hfb-above-header-display":"","ast-hfb-below-header-display":"","ast-hfb-mobile-header-display":"","site-post-title":"","ast-breadcrumbs-content":"","ast-featured-img":"","footer-sml-layout":"","ast-disable-related-posts":"","theme-transparent-header-meta":"default","adv-header-id-meta":"","stick-header-meta":"","header-above-stick-meta":"","header-main-stick-meta":"","header-below-stick-meta":"","astra-migrate-meta-layouts":"set","ast-page-background-enabled":"default","ast-page-background-meta":{"desktop":{"background-color":"var(--ast-global-color-5)","background-image":"","background-repeat":"repeat","background-position":"center center","background-size":"auto","background-attachment":"scroll","background-type":"","background-media":"","overlay-type":"","overlay-color":"","overlay-opacity":"","overlay-gradient":""},"tablet":{"background-color":"","background-image":"","background-repeat":"repeat","background-position":"center center","background-size":"auto","background-attachment":"scroll","background-type":"","background-media":"","overlay-type":"","overlay-color":"","overlay-opacity":"","overlay-gradient":""},"mobile":{"background-color":"","background-image":"","background-repeat":"repeat","background-position":"center center","background-size":"auto","background-attachment":"scroll","background-type":"","background-media":"","overlay-type":"","overlay-color":"","overlay-opacity":"","overlay-gradient":""}},"ast-content-background-meta":{"desktop":{"background-color":"var(--ast-global-color-4)","background-image":"","background-repeat":"repeat","background-position":"center center","background-size":"auto","background-attachment":"scroll","background-type":"","background-media":"","overlay-type":"","overlay-color":"","overlay-opacity":"","overlay-gradient":""},"tablet":{"background-color":"var(--ast-global-color-4)","background-image":"","background-repeat":"repeat","background-position":"center center","background-size":"auto","background-attachment":"scroll","background-type":"","background-media":"","overlay-type":"","overlay-color":"","overlay-opacity":"","overlay-gradient":""},"mobile":{"background-color":"var(--ast-global-color-4)","background-image":"","background-repeat":"repeat","background-position":"center center","background-size":"auto","background-attachment":"scroll","background-type":"","background-media":"","overlay-type":"","overlay-color":"","overlay-opacity":"","overlay-gradient":""}}},"product_brand":[],"product_cat":[33,65],"product_tag":[],"class_list":{"0":"post-887","1":"product","2":"type-product","3":"status-publish","4":"has-post-thumbnail","6":"product_cat-ferreteria","7":"product_cat-herramientas-manuales","8":"desktop-align-center","9":"tablet-align-center","10":"mobile-align-center","12":"first","13":"instock","14":"shipping-taxable","15":"purchasable","16":"product-type-simple"},"_links":{"self":[{"href":"https:\/\/blackrhinotoolpro.com\/index.php\/wp-json\/wp\/v2\/product\/887","targetHints":{"allow":["GET"]}}],"collection":[{"href":"https:\/\/blackrhinotoolpro.com\/index.php\/wp-json\/wp\/v2\/product"}],"about":[{"href":"https:\/\/blackrhinotoolpro.com\/index.php\/wp-json\/wp\/v2\/types\/product"}],"wp:featuredmedia":[{"embeddable":true,"href":"https:\/\/blackrhinotoolpro.com\/index.php\/wp-json\/wp\/v2\/media\/895"}],"wp:attachment":[{"href":"https:\/\/blackrhinotoolpro.com\/index.php\/wp-json\/wp\/v2\/media?parent=887"}],"wp:term":[{"taxonomy":"product_brand","embeddable":true,"href":"https:\/\/blackrhinotoolpro.com\/index.php\/wp-json\/wp\/v2\/product_brand?post=887"},{"taxonomy":"product_cat","embeddable":true,"href":"https:\/\/blackrhinotoolpro.com\/index.php\/wp-json\/wp\/v2\/product_cat?post=887"},{"taxonomy":"product_tag","embeddable":true,"href":"https:\/\/blackrhinotoolpro.com\/index.php\/wp-json\/wp\/v2\/product_tag?post=887"}],"curies":[{"name":"wp","href":"https:\/\/api.w.org\/{rel}","templated":true}]}}