{"id":742,"date":"2025-05-09T20:23:19","date_gmt":"2025-05-09T20:23:19","guid":{"rendered":"https:\/\/blackrhinotoolpro.com\/?post_type=product&#038;p=742"},"modified":"2025-12-01T13:31:49","modified_gmt":"2025-12-01T13:31:49","slug":"rh-6215-pistola-pulverizadora-de-taza-plastica-y-boquilla-1-5mm","status":"publish","type":"product","link":"https:\/\/blackrhinotoolpro.com\/index.php\/producto\/rh-6215-pistola-pulverizadora-de-taza-plastica-y-boquilla-1-5mm\/","title":{"rendered":"RH-6215 Pistola Pulverizadora de taza pl\u00e1stica y boquilla 1.5mm"},"content":{"rendered":"<div id=\"panelsStayOpen-headingOne\" class=\"accordion-header\">Caracter\u00edsticas:<\/div>\n<div id=\"panelsStayOpen-collapseOne\" class=\"accordion-collapse collapse show\" aria-labelledby=\"panelsStayOpen-headingOne\">\n<div class=\"accordion-body\">\n<div><\/div>\n<div>-Pistola pulverizadora HVLP de alto rendimiento con una boquilla de 1.5mm, as\u00ed como una taza pl\u00e1stica de 600 ml de capacidad<\/div>\n<div>-Pistola pulverizadora profesional HVLP con alimentaci\u00f3n por gravedad que se usa de una forma f\u00e1cil y sencilla<\/div>\n<div>-La tapa de lat\u00f3n de alta calidad y la boquilla de acero inoxidable son anti\u00f3xidos para garantizar la durabilidad del dispositivo<\/div>\n<div>-Pistola pulverizadora manual que permite llevar a cabo diferentes trabajos de pintura con solo presionar el gatillo<\/div>\n<div>-Un dise\u00f1o especial facilita una pintura con alto rendimiento y eficiencia<\/div>\n<div>-La taza de alimentaci\u00f3n por gravedad de 600ml facilita la limpieza y minimiza el desperdicio de materiales<\/div>\n<div>-Carcasa de aluminio pulido ha facilitado el bajo peso del dispositivo y una manipulaci\u00f3n sencilla<\/div>\n<div>-Ideal para la pintura automotriz, pintura de muebles y pintura de diferentes instrumentos y herramientas<\/div>\n<\/div>\n<\/div>\n","protected":false},"excerpt":{"rendered":"<p>Caracter\u00edsticas: -Pistola pulverizadora HVLP de alto rendimiento con una boquilla de 1.5mm, as\u00ed como una taza pl\u00e1stica de 600 ml [&hellip;]<\/p>\n","protected":false},"featured_media":744,"template":"","meta":{"content-type":"","site-sidebar-layout":"default","site-content-layout":"","ast-site-content-layout":"default","site-content-style":"default","site-sidebar-style":"default","ast-global-header-display":"","ast-banner-title-visibility":"","ast-main-header-display":"","ast-hfb-above-header-display":"","ast-hfb-below-header-display":"","ast-hfb-mobile-header-display":"","site-post-title":"","ast-breadcrumbs-content":"","ast-featured-img":"","footer-sml-layout":"","ast-disable-related-posts":"","theme-transparent-header-meta":"default","adv-header-id-meta":"","stick-header-meta":"","header-above-stick-meta":"","header-main-stick-meta":"","header-below-stick-meta":"","astra-migrate-meta-layouts":"set","ast-page-background-enabled":"default","ast-page-background-meta":{"desktop":{"background-color":"var(--ast-global-color-5)","background-image":"","background-repeat":"repeat","background-position":"center center","background-size":"auto","background-attachment":"scroll","background-type":"","background-media":"","overlay-type":"","overlay-color":"","overlay-opacity":"","overlay-gradient":""},"tablet":{"background-color":"","background-image":"","background-repeat":"repeat","background-position":"center center","background-size":"auto","background-attachment":"scroll","background-type":"","background-media":"","overlay-type":"","overlay-color":"","overlay-opacity":"","overlay-gradient":""},"mobile":{"background-color":"","background-image":"","background-repeat":"repeat","background-position":"center center","background-size":"auto","background-attachment":"scroll","background-type":"","background-media":"","overlay-type":"","overlay-color":"","overlay-opacity":"","overlay-gradient":""}},"ast-content-background-meta":{"desktop":{"background-color":"var(--ast-global-color-4)","background-image":"","background-repeat":"repeat","background-position":"center center","background-size":"auto","background-attachment":"scroll","background-type":"","background-media":"","overlay-type":"","overlay-color":"","overlay-opacity":"","overlay-gradient":""},"tablet":{"background-color":"var(--ast-global-color-4)","background-image":"","background-repeat":"repeat","background-position":"center center","background-size":"auto","background-attachment":"scroll","background-type":"","background-media":"","overlay-type":"","overlay-color":"","overlay-opacity":"","overlay-gradient":""},"mobile":{"background-color":"var(--ast-global-color-4)","background-image":"","background-repeat":"repeat","background-position":"center center","background-size":"auto","background-attachment":"scroll","background-type":"","background-media":"","overlay-type":"","overlay-color":"","overlay-opacity":"","overlay-gradient":""}}},"product_brand":[],"product_cat":[33,62],"product_tag":[],"class_list":{"0":"post-742","1":"product","2":"type-product","3":"status-publish","4":"has-post-thumbnail","6":"product_cat-ferreteria","7":"product_cat-pistola-de-pintar","8":"desktop-align-center","9":"tablet-align-center","10":"mobile-align-center","12":"first","13":"instock","14":"shipping-taxable","15":"purchasable","16":"product-type-simple"},"_links":{"self":[{"href":"https:\/\/blackrhinotoolpro.com\/index.php\/wp-json\/wp\/v2\/product\/742","targetHints":{"allow":["GET"]}}],"collection":[{"href":"https:\/\/blackrhinotoolpro.com\/index.php\/wp-json\/wp\/v2\/product"}],"about":[{"href":"https:\/\/blackrhinotoolpro.com\/index.php\/wp-json\/wp\/v2\/types\/product"}],"wp:featuredmedia":[{"embeddable":true,"href":"https:\/\/blackrhinotoolpro.com\/index.php\/wp-json\/wp\/v2\/media\/744"}],"wp:attachment":[{"href":"https:\/\/blackrhinotoolpro.com\/index.php\/wp-json\/wp\/v2\/media?parent=742"}],"wp:term":[{"taxonomy":"product_brand","embeddable":true,"href":"https:\/\/blackrhinotoolpro.com\/index.php\/wp-json\/wp\/v2\/product_brand?post=742"},{"taxonomy":"product_cat","embeddable":true,"href":"https:\/\/blackrhinotoolpro.com\/index.php\/wp-json\/wp\/v2\/product_cat?post=742"},{"taxonomy":"product_tag","embeddable":true,"href":"https:\/\/blackrhinotoolpro.com\/index.php\/wp-json\/wp\/v2\/product_tag?post=742"}],"curies":[{"name":"wp","href":"https:\/\/api.w.org\/{rel}","templated":true}]}}