{"id":518,"date":"2025-04-11T22:32:31","date_gmt":"2025-04-11T22:32:31","guid":{"rendered":"https:\/\/blackrhinotoolpro.com\/?post_type=product&#038;p=518"},"modified":"2026-03-25T01:26:56","modified_gmt":"2026-03-25T01:26:56","slug":"bt300p-topscan-probador-de-baterias-con-impresora","status":"publish","type":"product","link":"https:\/\/blackrhinotoolpro.com\/index.php\/producto\/bt300p-topscan-probador-de-baterias-con-impresora\/","title":{"rendered":"BT300P Probador de Bater\u00edas con Impresora"},"content":{"rendered":"<p>El BT300P de TOPDON es nuestro nuevo probador de bater\u00edas de veh\u00edculos de 12V con una impresora incorporada. Puede probar bater\u00edas de 100 a 2000 Cold Crank Amps (CCA). Es compatible con las bater\u00edas Flooded, AGM, GEL y EFB; y tiene est\u00e1ndares acreditados incluyendo: CCA, JIS, EN, DIN, SAE e IEC. El BT300P es capaz de probar el valor real de CCA de una bater\u00eda, estado de salud, sistema de cranking y sistema de carga. Dise\u00f1ado con tecnolog\u00edas avanzadas en conductividad y materiales robustos de alta calidad, es perfecto tanto para el mec\u00e1nico de la tienda como para el entusiasta del bricolaje para probar con precisi\u00f3n y seguridad.<\/p>\n<div class=\"col-xs-12 col-sm-6 col-sm-offset-1\">\n<h2><\/h2>\n<h2>INVESTIGACI\u00d3N, PROFESIONAL &amp; TECNOLOG\u00cdA CON RESULTADOS PROFESIONALES<\/h2>\n<p>El BT30OP de TOPDON representa nuestros \u00faltimos refinamientos en investigaci\u00f3n, pruebas y seguridad &#8211; todo con usted, el profesional, as\u00ed como el bricolaje en mente.<\/p>\n<h2><\/h2>\n<h2>COVERTURA DE BATERIAS INTEGRAL Y VERSATIL<\/h2>\n<p>Compatible con cuatro tipos de bater\u00edas: inundadas, AGM, GEL y EFB. Acreditada para 10 est\u00e1ndares de bater\u00edas: CCA (100 a 2000), CA, BCI, MCA, DIN, IEC, EN, SAE, JIS y GB.<\/p>\n<h2><\/h2>\n<h2>INICIO RAPIDO, INTUITIVO, FACIL DE USAR Y PASO A PASO<\/h2>\n<p>\u00bfQu\u00e9 m\u00e1s se puede decir? El BT300P de TOPDON es f\u00e1cil de usar incluso para quienes nunca han probado bater\u00edas.<br \/>\nSu atractiva pantalla a color de 2,4 pulgadas tambi\u00e9n lo distingue de otros comprobadores de su clase.<br \/>\n\u00bfQu\u00e9 mejor que una herramienta eficaz? \u00bfY una con la que siempre sea un placer trabajar?<\/p>\n<\/div>\n<h2><\/h2>\n<h2>TODOS LOS EXTRAS QUE TE IMPORTAN<\/h2>\n<p>&#8211; Soporte multiling\u00fce.<br \/>\n&#8211; Bolsa de almacenamiento ligera, resistente al desgaste y de alta calidad.<br \/>\n&#8211; 3 rollos de papel de impresi\u00f3n est\u00e1ndar gratis.<\/p>\n<h2><\/h2>\n<h2>PRU\u00c9BELO E IMPRIMELO. TENLO LISTO CUANDO LO NECESITES<\/h2>\n<p>El BT300P cuenta con una impresora integrada que imprime los resultados de las pruebas en segundos. Tanto si eres un profesional que ofrece servicio y documentaci\u00f3n como un experto en coches que lleva un registro de bater\u00edas, sabemos que agradecer\u00e1s imprimir y tener los resultados de las pruebas.<\/p>\n<h2>PORTATIL Y FIABLE<\/h2>\n<p>Con un peso de poco m\u00e1s de 450 g, el BT300P de TOPDON funciona en cualquier lugar, igual que t\u00fa. Estar\u00e1s listo para hacer esa llamada de servicio en la carretera, en tu taller e incluso por la noche ayudando a tu vecino.<\/p>\n<p>&nbsp;<\/p>\n<div class=\"col-xs-12 col-sm-6 col-sm-offset-1\">\n<p>&nbsp;<\/p>\n<\/div>\n","protected":false},"excerpt":{"rendered":"<p>El BT300P de TOPDON es nuestro nuevo probador de bater\u00edas de veh\u00edculos de 12V con una impresora incorporada. Puede probar [&hellip;]<\/p>\n","protected":false},"featured_media":519,"template":"","meta":{"content-type":"","site-sidebar-layout":"default","site-content-layout":"","ast-site-content-layout":"default","site-content-style":"default","site-sidebar-style":"default","ast-global-header-display":"","ast-banner-title-visibility":"","ast-main-header-display":"","ast-hfb-above-header-display":"","ast-hfb-below-header-display":"","ast-hfb-mobile-header-display":"","site-post-title":"","ast-breadcrumbs-content":"","ast-featured-img":"","footer-sml-layout":"","ast-disable-related-posts":"","theme-transparent-header-meta":"default","adv-header-id-meta":"","stick-header-meta":"","header-above-stick-meta":"","header-main-stick-meta":"","header-below-stick-meta":"","astra-migrate-meta-layouts":"set","ast-page-background-enabled":"default","ast-page-background-meta":{"desktop":{"background-color":"var(--ast-global-color-5)","background-image":"","background-repeat":"repeat","background-position":"center center","background-size":"auto","background-attachment":"scroll","background-type":"","background-media":"","overlay-type":"","overlay-color":"","overlay-opacity":"","overlay-gradient":""},"tablet":{"background-color":"","background-image":"","background-repeat":"repeat","background-position":"center center","background-size":"auto","background-attachment":"scroll","background-type":"","background-media":"","overlay-type":"","overlay-color":"","overlay-opacity":"","overlay-gradient":""},"mobile":{"background-color":"","background-image":"","background-repeat":"repeat","background-position":"center center","background-size":"auto","background-attachment":"scroll","background-type":"","background-media":"","overlay-type":"","overlay-color":"","overlay-opacity":"","overlay-gradient":""}},"ast-content-background-meta":{"desktop":{"background-color":"var(--ast-global-color-4)","background-image":"","background-repeat":"repeat","background-position":"center center","background-size":"auto","background-attachment":"scroll","background-type":"","background-media":"","overlay-type":"","overlay-color":"","overlay-opacity":"","overlay-gradient":""},"tablet":{"background-color":"var(--ast-global-color-4)","background-image":"","background-repeat":"repeat","background-position":"center center","background-size":"auto","background-attachment":"scroll","background-type":"","background-media":"","overlay-type":"","overlay-color":"","overlay-opacity":"","overlay-gradient":""},"mobile":{"background-color":"var(--ast-global-color-4)","background-image":"","background-repeat":"repeat","background-position":"center center","background-size":"auto","background-attachment":"scroll","background-type":"","background-media":"","overlay-type":"","overlay-color":"","overlay-opacity":"","overlay-gradient":""}}},"product_brand":[],"product_cat":[55,27,31],"product_tag":[],"class_list":{"0":"post-518","1":"product","2":"type-product","3":"status-publish","4":"has-post-thumbnail","6":"product_cat-diagnostico-de-baterias","7":"product_cat-equipos-de-diagnostico","8":"product_cat-equipos-para-taller","9":"desktop-align-center","10":"tablet-align-center","11":"mobile-align-center","13":"first","14":"instock","15":"shipping-taxable","16":"purchasable","17":"product-type-simple"},"_links":{"self":[{"href":"https:\/\/blackrhinotoolpro.com\/index.php\/wp-json\/wp\/v2\/product\/518","targetHints":{"allow":["GET"]}}],"collection":[{"href":"https:\/\/blackrhinotoolpro.com\/index.php\/wp-json\/wp\/v2\/product"}],"about":[{"href":"https:\/\/blackrhinotoolpro.com\/index.php\/wp-json\/wp\/v2\/types\/product"}],"wp:featuredmedia":[{"embeddable":true,"href":"https:\/\/blackrhinotoolpro.com\/index.php\/wp-json\/wp\/v2\/media\/519"}],"wp:attachment":[{"href":"https:\/\/blackrhinotoolpro.com\/index.php\/wp-json\/wp\/v2\/media?parent=518"}],"wp:term":[{"taxonomy":"product_brand","embeddable":true,"href":"https:\/\/blackrhinotoolpro.com\/index.php\/wp-json\/wp\/v2\/product_brand?post=518"},{"taxonomy":"product_cat","embeddable":true,"href":"https:\/\/blackrhinotoolpro.com\/index.php\/wp-json\/wp\/v2\/product_cat?post=518"},{"taxonomy":"product_tag","embeddable":true,"href":"https:\/\/blackrhinotoolpro.com\/index.php\/wp-json\/wp\/v2\/product_tag?post=518"}],"curies":[{"name":"wp","href":"https:\/\/api.w.org\/{rel}","templated":true}]}}