{"id":421,"date":"2025-04-11T01:04:25","date_gmt":"2025-04-11T01:04:25","guid":{"rendered":"https:\/\/blackrhinotoolpro.com\/?post_type=product&#038;p=421"},"modified":"2026-03-25T01:33:03","modified_gmt":"2026-03-25T01:33:03","slug":"german-gold-engine-power-5w-40-c3-full-sintetico-5-litros-copia","status":"publish","type":"product","link":"https:\/\/blackrhinotoolpro.com\/index.php\/producto\/german-gold-engine-power-5w-40-c3-full-sintetico-5-litros-copia\/","title":{"rendered":"PROMOCION 2X1!!! German Gold Super Universal 15W-40 (Mineral) &#8211; 1 Litro"},"content":{"rendered":"<p>El Motor de Oro Alem\u00e1n 15W-40 es un aceite de motor mineral para ser utilizado en el pasajero<br \/>\nmotores de gasolina y di\u00e9sel.\u00a0 Se produce mediante la mezcla de aceites base de calidad.<\/p>\n<p>Adecuado tambi\u00e9n en condiciones de funcionamiento severas en motores modernos de autom\u00f3viles de pasajeros, turbo- o<br \/>\nNo turbo acusado.<\/p>\n<p>Con la alimentaci\u00f3n alemana del motor de oro 15W-40, por su formulaci\u00f3n optimizada proporciona combustible reducido y<br \/>\nconsumo de petr\u00f3leo. Debido a su amplio rango de viscosidad las estaciones utilizan todas las estaciones es posible.<\/p>\n<p>El motor de oro alem\u00e1n Power 15W-40 es un aceite de motor para uso durante todo el a\u00f1o, y es ideal para todos los motores de gasolina y di\u00e9sel modernos.<\/p>\n<p>El motor de oro alem\u00e1n Power 15W-40 se puede utilizar en los motores con las especificaciones indicadas. Deber\u00e1n observarse las instrucciones de funcionamiento del fabricante del autom\u00f3vil y del motor.<\/p>\n","protected":false},"excerpt":{"rendered":"<p>El Motor de Oro Alem\u00e1n 15W-40 es un aceite de motor mineral para ser utilizado en el pasajero motores de [&hellip;]<\/p>\n","protected":false},"featured_media":424,"template":"","meta":{"content-type":"","site-sidebar-layout":"default","site-content-layout":"","ast-site-content-layout":"default","site-content-style":"default","site-sidebar-style":"default","ast-global-header-display":"","ast-banner-title-visibility":"","ast-main-header-display":"","ast-hfb-above-header-display":"","ast-hfb-below-header-display":"","ast-hfb-mobile-header-display":"","site-post-title":"","ast-breadcrumbs-content":"","ast-featured-img":"","footer-sml-layout":"","ast-disable-related-posts":"","theme-transparent-header-meta":"default","adv-header-id-meta":"","stick-header-meta":"","header-above-stick-meta":"","header-main-stick-meta":"","header-below-stick-meta":"","astra-migrate-meta-layouts":"set","ast-page-background-enabled":"default","ast-page-background-meta":{"desktop":{"background-color":"var(--ast-global-color-5)","background-image":"","background-repeat":"repeat","background-position":"center center","background-size":"auto","background-attachment":"scroll","background-type":"","background-media":"","overlay-type":"","overlay-color":"","overlay-opacity":"","overlay-gradient":""},"tablet":{"background-color":"","background-image":"","background-repeat":"repeat","background-position":"center center","background-size":"auto","background-attachment":"scroll","background-type":"","background-media":"","overlay-type":"","overlay-color":"","overlay-opacity":"","overlay-gradient":""},"mobile":{"background-color":"","background-image":"","background-repeat":"repeat","background-position":"center center","background-size":"auto","background-attachment":"scroll","background-type":"","background-media":"","overlay-type":"","overlay-color":"","overlay-opacity":"","overlay-gradient":""}},"ast-content-background-meta":{"desktop":{"background-color":"var(--ast-global-color-4)","background-image":"","background-repeat":"repeat","background-position":"center center","background-size":"auto","background-attachment":"scroll","background-type":"","background-media":"","overlay-type":"","overlay-color":"","overlay-opacity":"","overlay-gradient":""},"tablet":{"background-color":"var(--ast-global-color-4)","background-image":"","background-repeat":"repeat","background-position":"center center","background-size":"auto","background-attachment":"scroll","background-type":"","background-media":"","overlay-type":"","overlay-color":"","overlay-opacity":"","overlay-gradient":""},"mobile":{"background-color":"var(--ast-global-color-4)","background-image":"","background-repeat":"repeat","background-position":"center center","background-size":"auto","background-attachment":"scroll","background-type":"","background-media":"","overlay-type":"","overlay-color":"","overlay-opacity":"","overlay-gradient":""}}},"product_brand":[],"product_cat":[46,20,22],"product_tag":[],"class_list":{"0":"post-421","1":"product","2":"type-product","3":"status-publish","4":"has-post-thumbnail","6":"product_cat-aceite-german-gold","7":"product_cat-aceites-y-lubricantes","8":"product_cat-german-gold","9":"desktop-align-center","10":"tablet-align-center","11":"mobile-align-center","13":"first","14":"instock","15":"shipping-taxable","16":"purchasable","17":"product-type-simple"},"_links":{"self":[{"href":"https:\/\/blackrhinotoolpro.com\/index.php\/wp-json\/wp\/v2\/product\/421","targetHints":{"allow":["GET"]}}],"collection":[{"href":"https:\/\/blackrhinotoolpro.com\/index.php\/wp-json\/wp\/v2\/product"}],"about":[{"href":"https:\/\/blackrhinotoolpro.com\/index.php\/wp-json\/wp\/v2\/types\/product"}],"wp:featuredmedia":[{"embeddable":true,"href":"https:\/\/blackrhinotoolpro.com\/index.php\/wp-json\/wp\/v2\/media\/424"}],"wp:attachment":[{"href":"https:\/\/blackrhinotoolpro.com\/index.php\/wp-json\/wp\/v2\/media?parent=421"}],"wp:term":[{"taxonomy":"product_brand","embeddable":true,"href":"https:\/\/blackrhinotoolpro.com\/index.php\/wp-json\/wp\/v2\/product_brand?post=421"},{"taxonomy":"product_cat","embeddable":true,"href":"https:\/\/blackrhinotoolpro.com\/index.php\/wp-json\/wp\/v2\/product_cat?post=421"},{"taxonomy":"product_tag","embeddable":true,"href":"https:\/\/blackrhinotoolpro.com\/index.php\/wp-json\/wp\/v2\/product_tag?post=421"}],"curies":[{"name":"wp","href":"https:\/\/api.w.org\/{rel}","templated":true}]}}