{"id":206,"date":"2025-04-10T19:51:48","date_gmt":"2025-04-10T19:51:48","guid":{"rendered":"https:\/\/blackrhinotoolpro.com\/?post_type=product&#038;p=206"},"modified":"2026-01-10T02:08:47","modified_gmt":"2026-01-10T02:08:47","slug":"hps-10w30-high-performance-street","status":"publish","type":"product","link":"https:\/\/blackrhinotoolpro.com\/index.php\/producto\/hps-10w30-high-performance-street\/","title":{"rendered":"HPS 10W30 High Performance Street"},"content":{"rendered":"<div id=\"tab-description\" class=\"woocommerce-Tabs-panel woocommerce-Tabs-panel--description panel entry-content wc-tab\" role=\"tabpanel\" aria-labelledby=\"tab-title-description\">\n<h2>Descripci\u00f3n<\/h2>\n<h4>ACEITE DE MOTOR DE ALTO RENDIMIENTO (CON SYNERLEC\u00ae)<\/h4>\n<p><strong>HPS se recomienda para su uso en motores industriales estacionarios, flotas comerciales y autom\u00f3viles de gasolina y di\u00e9sel.\u00a0<\/strong>El aceite de motor Royal Purple\u00ae HPS\u00ae Series est\u00e1 espec\u00edficamente formulado para maximizar el rendimiento y satisfacer las demandas de motores modificados y de alto rendimiento.\u00a0HPS se recomienda para veh\u00edculos que ya no cuentan con la garant\u00eda del fabricante y para aquellos que buscan un mayor nivel de rendimiento y protecci\u00f3n.\u00a0Los aceites Royal Purple HPS est\u00e1n fortificados con un alto nivel de aditivo antidesgaste de zinc\/f\u00f3sforo y una generosa dosis de la tecnolog\u00eda de aditivos Synerlec\u00ae patentada de Royal Purple.\u00a0Estas formulaciones \u00fanicas permiten que los aceites HPS superen a los principales lubricantes sint\u00e9ticos y convencionales tanto en motores de gasolina como di\u00e9sel.<\/p>\n<h4>VENTAJAS DE RENDIMIENTO<\/h4>\n<ul>\n<li>Resistencia de pel\u00edcula excepcionalmente alta para reducciones dram\u00e1ticas en el desgaste del motor y reducci\u00f3n del calor del motor para prolongar la vida \u00fatil de su motor<\/li>\n<li>El sellado mejorado entre el anillo del pist\u00f3n y la pared del cilindro maximiza la potencia y el torque y optimiza la econom\u00eda de combustible<\/li>\n<li>La excepcional estabilidad a la oxidaci\u00f3n prolonga la vida \u00fatil del aceite y permite recorrer m\u00e1s millas entre cambios de aceite, lo que le permite ahorrar tiempo y dinero.<\/li>\n<li>La solvencia sint\u00e9tica avanzada reduce los dep\u00f3sitos del motor y mantiene los motores limpios<\/li>\n<li>Excelente protecci\u00f3n contra el desgaste para los componentes del tren de v\u00e1lvulas, incluido el elevador de rodillos de rendimiento y los \u00e1rboles de levas y elevadores de taqu\u00e9s planos de alta elevaci\u00f3n<\/li>\n<li>Protecci\u00f3n superior contra la corrosi\u00f3n<\/li>\n<\/ul>\n<\/div>\n","protected":false},"excerpt":{"rendered":"<p>Descripci\u00f3n ACEITE DE MOTOR DE ALTO RENDIMIENTO (CON SYNERLEC\u00ae) HPS se recomienda para su uso en motores industriales estacionarios, flotas [&hellip;]<\/p>\n","protected":false},"featured_media":207,"template":"","meta":{"content-type":"","site-sidebar-layout":"default","site-content-layout":"","ast-site-content-layout":"default","site-content-style":"default","site-sidebar-style":"default","ast-global-header-display":"","ast-banner-title-visibility":"","ast-main-header-display":"","ast-hfb-above-header-display":"","ast-hfb-below-header-display":"","ast-hfb-mobile-header-display":"","site-post-title":"","ast-breadcrumbs-content":"","ast-featured-img":"","footer-sml-layout":"","ast-disable-related-posts":"","theme-transparent-header-meta":"default","adv-header-id-meta":"","stick-header-meta":"","header-above-stick-meta":"","header-main-stick-meta":"","header-below-stick-meta":"","astra-migrate-meta-layouts":"set","ast-page-background-enabled":"default","ast-page-background-meta":{"desktop":{"background-color":"var(--ast-global-color-5)","background-image":"","background-repeat":"repeat","background-position":"center center","background-size":"auto","background-attachment":"scroll","background-type":"","background-media":"","overlay-type":"","overlay-color":"","overlay-opacity":"","overlay-gradient":""},"tablet":{"background-color":"","background-image":"","background-repeat":"repeat","background-position":"center center","background-size":"auto","background-attachment":"scroll","background-type":"","background-media":"","overlay-type":"","overlay-color":"","overlay-opacity":"","overlay-gradient":""},"mobile":{"background-color":"","background-image":"","background-repeat":"repeat","background-position":"center center","background-size":"auto","background-attachment":"scroll","background-type":"","background-media":"","overlay-type":"","overlay-color":"","overlay-opacity":"","overlay-gradient":""}},"ast-content-background-meta":{"desktop":{"background-color":"var(--ast-global-color-4)","background-image":"","background-repeat":"repeat","background-position":"center center","background-size":"auto","background-attachment":"scroll","background-type":"","background-media":"","overlay-type":"","overlay-color":"","overlay-opacity":"","overlay-gradient":""},"tablet":{"background-color":"var(--ast-global-color-4)","background-image":"","background-repeat":"repeat","background-position":"center center","background-size":"auto","background-attachment":"scroll","background-type":"","background-media":"","overlay-type":"","overlay-color":"","overlay-opacity":"","overlay-gradient":""},"mobile":{"background-color":"var(--ast-global-color-4)","background-image":"","background-repeat":"repeat","background-position":"center center","background-size":"auto","background-attachment":"scroll","background-type":"","background-media":"","overlay-type":"","overlay-color":"","overlay-opacity":"","overlay-gradient":""}}},"product_brand":[],"product_cat":[35,20,21],"product_tag":[],"class_list":{"0":"post-206","1":"product","2":"type-product","3":"status-publish","4":"has-post-thumbnail","6":"product_cat-aceite","7":"product_cat-aceites-y-lubricantes","8":"product_cat-royal-purple","9":"desktop-align-center","10":"tablet-align-center","11":"mobile-align-center","13":"first","14":"instock","15":"shipping-taxable","16":"purchasable","17":"product-type-simple"},"_links":{"self":[{"href":"https:\/\/blackrhinotoolpro.com\/index.php\/wp-json\/wp\/v2\/product\/206","targetHints":{"allow":["GET"]}}],"collection":[{"href":"https:\/\/blackrhinotoolpro.com\/index.php\/wp-json\/wp\/v2\/product"}],"about":[{"href":"https:\/\/blackrhinotoolpro.com\/index.php\/wp-json\/wp\/v2\/types\/product"}],"wp:featuredmedia":[{"embeddable":true,"href":"https:\/\/blackrhinotoolpro.com\/index.php\/wp-json\/wp\/v2\/media\/207"}],"wp:attachment":[{"href":"https:\/\/blackrhinotoolpro.com\/index.php\/wp-json\/wp\/v2\/media?parent=206"}],"wp:term":[{"taxonomy":"product_brand","embeddable":true,"href":"https:\/\/blackrhinotoolpro.com\/index.php\/wp-json\/wp\/v2\/product_brand?post=206"},{"taxonomy":"product_cat","embeddable":true,"href":"https:\/\/blackrhinotoolpro.com\/index.php\/wp-json\/wp\/v2\/product_cat?post=206"},{"taxonomy":"product_tag","embeddable":true,"href":"https:\/\/blackrhinotoolpro.com\/index.php\/wp-json\/wp\/v2\/product_tag?post=206"}],"curies":[{"name":"wp","href":"https:\/\/api.w.org\/{rel}","templated":true}]}}