{"id":1906,"date":"2026-03-04T01:33:20","date_gmt":"2026-03-04T01:33:20","guid":{"rendered":"https:\/\/blackrhinotoolpro.com\/?post_type=product&#038;p=1906"},"modified":"2026-03-27T00:59:15","modified_gmt":"2026-03-27T00:59:15","slug":"v2200-arrancador-de-bateria-de-2200-amperios-pico-bateria-externa-power-bank-y-linterna","status":"publish","type":"product","link":"https:\/\/blackrhinotoolpro.com\/index.php\/producto\/v2200-arrancador-de-bateria-de-2200-amperios-pico-bateria-externa-power-bank-y-linterna\/","title":{"rendered":"V2200 Arrancador de bater\u00eda de 2200 amperios pico, bater\u00eda externa (power bank) y linterna."},"content":{"rendered":"<p data-start=\"0\" data-end=\"194\">Presentamos el <strong data-start=\"15\" data-end=\"31\">TOPDON V2200<\/strong>, un arrancador port\u00e1til excepcional dise\u00f1ado para ofrecer <strong data-start=\"90\" data-end=\"112\">2200 amperios pico<\/strong>, capaz de reactivar bater\u00edas de plomo-\u00e1cido de <strong data-start=\"160\" data-end=\"167\">12V<\/strong> en cuesti\u00f3n de segundos.<\/p>\n<p data-start=\"196\" data-end=\"533\">Este dispositivo vers\u00e1til garantiza un encendido r\u00e1pido y seguro para una amplia gama de veh\u00edculos, incluyendo autom\u00f3viles, embarcaciones, motocicletas y camiones. Con una impresionante compatibilidad para motores de hasta <strong data-start=\"419\" data-end=\"444\">8.0 litros a gasolina<\/strong> y <strong data-start=\"447\" data-end=\"468\">6.0 litros di\u00e9sel<\/strong>, es el compa\u00f1ero perfecto para todas tus necesidades de energ\u00eda.<\/p>\n<p data-start=\"535\" data-end=\"728\" data-is-last-node=\"\" data-is-only-node=\"\">Adem\u00e1s, funciona como una eficiente <strong data-start=\"571\" data-end=\"603\">bater\u00eda externa (power bank)<\/strong> con una capacidad de <strong data-start=\"625\" data-end=\"639\">16.000 mAh<\/strong>, permiti\u00e9ndote recargar f\u00e1cilmente tel\u00e9fonos, tablets y otros dispositivos electr\u00f3nicos.<\/p>\n<div class=\"flex max-w-full flex-col grow\">\n<div class=\"min-h-8 text-message relative flex w-full flex-col items-end gap-2 text-start break-words whitespace-normal [.text-message+&amp;]:mt-1\" dir=\"auto\" data-message-author-role=\"assistant\" data-message-id=\"6398d4c4-b8a8-4cbd-b7d1-0604c70a29cd\" data-message-model-slug=\"gpt-5-2\">\n<div class=\"flex w-full flex-col gap-1 empty:hidden first:pt-[1px]\">\n<div class=\"markdown prose dark:prose-invert w-full wrap-break-word light markdown-new-styling\">\n<h3 data-start=\"0\" data-end=\"29\">Arranca Bater\u00edas de 12V:<\/h3>\n<p data-start=\"31\" data-end=\"195\">Gracias a su impresionante potencia y amplia capacidad de arranque, este arrancador pone en marcha f\u00e1cilmente la mayor\u00eda de los veh\u00edculos de pasajeros en carretera.<\/p>\n<ul data-start=\"197\" data-end=\"368\">\n<li data-start=\"197\" data-end=\"257\">\n<p data-start=\"199\" data-end=\"257\">Arranca motores de hasta <strong data-start=\"224\" data-end=\"239\">8L gasolina<\/strong> o <strong data-start=\"242\" data-end=\"255\">6L di\u00e9sel<\/strong><\/p>\n<\/li>\n<li data-start=\"258\" data-end=\"313\">\n<p data-start=\"260\" data-end=\"313\"><strong data-start=\"260\" data-end=\"287\">2200A de corriente pico<\/strong> para arranques potentes<\/p>\n<\/li>\n<li data-start=\"314\" data-end=\"368\">\n<p data-start=\"316\" data-end=\"368\">Hasta <strong data-start=\"322\" data-end=\"338\">35 arranques<\/strong> con una sola carga completa<\/p>\n<\/li>\n<\/ul>\n<hr data-start=\"370\" data-end=\"373\" \/>\n<h3 data-start=\"375\" data-end=\"393\">Linterna LED:<\/h3>\n<p data-start=\"395\" data-end=\"597\">En cualquier situaci\u00f3n de emergencia, una linterna de alta potencia es fundamental. El <strong data-start=\"482\" data-end=\"495\">V2200Plus<\/strong> incorpora una luz LED de <strong data-start=\"521\" data-end=\"536\">300 l\u00famenes<\/strong> para iluminar en la oscuridad y enviar se\u00f1ales de auxilio.<\/p>\n<p data-start=\"599\" data-end=\"613\">Elige entre:<\/p>\n<ul data-start=\"614\" data-end=\"738\">\n<li data-start=\"614\" data-end=\"626\">\n<p data-start=\"616\" data-end=\"626\">Luz fija<\/p>\n<\/li>\n<li data-start=\"627\" data-end=\"639\">\n<p data-start=\"629\" data-end=\"639\">Modo SOS<\/p>\n<\/li>\n<li data-start=\"640\" data-end=\"663\">\n<p data-start=\"642\" data-end=\"663\">Modo estrobosc\u00f3pico<\/p>\n<\/li>\n<li data-start=\"665\" data-end=\"700\">\n<p data-start=\"667\" data-end=\"700\">Linterna LED de <strong data-start=\"683\" data-end=\"698\">300 l\u00famenes<\/strong><\/p>\n<\/li>\n<li data-start=\"701\" data-end=\"738\">\n<p data-start=\"703\" data-end=\"738\">Modos: fija, SOS y estrobosc\u00f3pica<\/p>\n<\/li>\n<\/ul>\n<hr data-start=\"740\" data-end=\"743\" \/>\n<h3 data-start=\"745\" data-end=\"783\">Alimenta Dispositivos Esenciales:<\/h3>\n<p data-start=\"785\" data-end=\"971\">\u00a1Carga completamente la mayor\u00eda de dispositivos electr\u00f3nicos en aproximadamente una hora! Compatible con smartphones, tablets, c\u00e1maras, Kindle, altavoces, infladores de neum\u00e1ticos y m\u00e1s.<\/p>\n<p data-start=\"973\" data-end=\"1004\"><strong data-start=\"973\" data-end=\"1004\">Especificaciones de salida:<\/strong><\/p>\n<ul data-start=\"1006\" data-end=\"1183\">\n<li data-start=\"1006\" data-end=\"1066\">\n<p data-start=\"1008\" data-end=\"1066\"><strong data-start=\"1008\" data-end=\"1027\">Type-C (PD60W):<\/strong> 20V\u23933A, 15V\u23933A, 12V\u23933A, 9V\u23933A, 5V\u23933A<\/p>\n<\/li>\n<li data-start=\"1067\" data-end=\"1111\">\n<p data-start=\"1069\" data-end=\"1111\"><strong data-start=\"1069\" data-end=\"1086\">USB1 (QC18W):<\/strong> 12V\u23931.5A, 9V\u23932A, 5V\u23933A<\/p>\n<\/li>\n<li data-start=\"1112\" data-end=\"1156\">\n<p data-start=\"1114\" data-end=\"1156\"><strong data-start=\"1114\" data-end=\"1131\">USB2 (QC18W):<\/strong> 12V\u23931.5A, 9V\u23932A, 5V\u23933A<\/p>\n<\/li>\n<li data-start=\"1157\" data-end=\"1183\">\n<p data-start=\"1159\" data-end=\"1183\"><strong data-start=\"1159\" data-end=\"1166\">DC:<\/strong> M\u00e1x. 16.8V\u239310A<\/p>\n<\/li>\n<\/ul>\n<hr data-start=\"1185\" data-end=\"1188\" \/>\n<h3 data-start=\"1190\" data-end=\"1220\">6 Funciones de Seguridad:<\/h3>\n<p data-start=\"1222\" data-end=\"1486\">Equipado con seis sistemas de protecci\u00f3n que resguardan al usuario frente a riesgos el\u00e9ctricos, incluyendo chispas al tocarse las pinzas del cable. Adem\u00e1s, mantiene la resistencia cl\u00e1sica de la serie JumpSurge de TOPDON, con protecci\u00f3n contra ca\u00eddas, polvo y agua.<\/p>\n<ul data-start=\"1488\" data-end=\"1602\">\n<li data-start=\"1488\" data-end=\"1508\">\n<p data-start=\"1490\" data-end=\"1508\">Conexi\u00f3n inversa<\/p>\n<\/li>\n<li data-start=\"1509\" data-end=\"1526\">\n<p data-start=\"1511\" data-end=\"1526\">Carga inversa<\/p>\n<\/li>\n<li data-start=\"1527\" data-end=\"1544\">\n<p data-start=\"1529\" data-end=\"1544\">Cortocircuito<\/p>\n<\/li>\n<li data-start=\"1545\" data-end=\"1563\">\n<p data-start=\"1547\" data-end=\"1563\">Sobrecorriente<\/p>\n<\/li>\n<li data-start=\"1564\" data-end=\"1584\">\n<p data-start=\"1566\" data-end=\"1584\">Sobretemperatura<\/p>\n<\/li>\n<li data-start=\"1585\" data-end=\"1602\">\n<p data-start=\"1587\" data-end=\"1602\">Sobredescarga<\/p>\n<\/li>\n<\/ul>\n<hr data-start=\"1604\" data-end=\"1607\" \/>\n<h3 data-start=\"1609\" data-end=\"1648\">Funciona en Temperaturas Extremas:<\/h3>\n<p data-start=\"1650\" data-end=\"1855\" data-is-last-node=\"\" data-is-only-node=\"\">El dise\u00f1o interno y la circuiter\u00eda de alta calidad del V2200 le permiten arrancar bater\u00edas en condiciones extremas, funcionando eficientemente en un rango de temperatura de <strong data-start=\"1823\" data-end=\"1854\">-10\u00b0C a 40\u00b0C (14\u00b0F a 104\u00b0F)<\/strong>.<\/p>\n<\/div>\n<\/div>\n<\/div>\n<\/div>\n<div class=\"z-0 flex min-h-[46px] justify-start\"><\/div>\n","protected":false},"excerpt":{"rendered":"<p>Presentamos el TOPDON V2200, un arrancador port\u00e1til excepcional dise\u00f1ado para ofrecer 2200 amperios pico, capaz de reactivar bater\u00edas de plomo-\u00e1cido [&hellip;]<\/p>\n","protected":false},"featured_media":1912,"template":"","meta":{"content-type":"","site-sidebar-layout":"default","site-content-layout":"","ast-site-content-layout":"default","site-content-style":"default","site-sidebar-style":"default","ast-global-header-display":"","ast-banner-title-visibility":"","ast-main-header-display":"","ast-hfb-above-header-display":"","ast-hfb-below-header-display":"","ast-hfb-mobile-header-display":"","site-post-title":"","ast-breadcrumbs-content":"","ast-featured-img":"","footer-sml-layout":"","ast-disable-related-posts":"","theme-transparent-header-meta":"default","adv-header-id-meta":"","stick-header-meta":"","header-above-stick-meta":"","header-main-stick-meta":"","header-below-stick-meta":"","astra-migrate-meta-layouts":"set","ast-page-background-enabled":"default","ast-page-background-meta":{"desktop":{"background-color":"var(--ast-global-color-5)","background-image":"","background-repeat":"repeat","background-position":"center center","background-size":"auto","background-attachment":"scroll","background-type":"","background-media":"","overlay-type":"","overlay-color":"","overlay-opacity":"","overlay-gradient":""},"tablet":{"background-color":"","background-image":"","background-repeat":"repeat","background-position":"center center","background-size":"auto","background-attachment":"scroll","background-type":"","background-media":"","overlay-type":"","overlay-color":"","overlay-opacity":"","overlay-gradient":""},"mobile":{"background-color":"","background-image":"","background-repeat":"repeat","background-position":"center center","background-size":"auto","background-attachment":"scroll","background-type":"","background-media":"","overlay-type":"","overlay-color":"","overlay-opacity":"","overlay-gradient":""}},"ast-content-background-meta":{"desktop":{"background-color":"var(--ast-global-color-4)","background-image":"","background-repeat":"repeat","background-position":"center center","background-size":"auto","background-attachment":"scroll","background-type":"","background-media":"","overlay-type":"","overlay-color":"","overlay-opacity":"","overlay-gradient":""},"tablet":{"background-color":"var(--ast-global-color-4)","background-image":"","background-repeat":"repeat","background-position":"center center","background-size":"auto","background-attachment":"scroll","background-type":"","background-media":"","overlay-type":"","overlay-color":"","overlay-opacity":"","overlay-gradient":""},"mobile":{"background-color":"var(--ast-global-color-4)","background-image":"","background-repeat":"repeat","background-position":"center center","background-size":"auto","background-attachment":"scroll","background-type":"","background-media":"","overlay-type":"","overlay-color":"","overlay-opacity":"","overlay-gradient":""}}},"product_brand":[],"product_cat":[116,23,31,56],"product_tag":[],"class_list":{"0":"post-1906","1":"product","2":"type-product","3":"status-publish","4":"has-post-thumbnail","6":"product_cat-cargador-de-baterias","7":"product_cat-cargadores-y-arrancadores-de-baterias","8":"product_cat-equipos-para-taller","9":"product_cat-mantenedores-de-bateria","10":"desktop-align-center","11":"tablet-align-center","12":"mobile-align-center","14":"first","15":"instock","16":"shipping-taxable","17":"purchasable","18":"product-type-simple"},"_links":{"self":[{"href":"https:\/\/blackrhinotoolpro.com\/index.php\/wp-json\/wp\/v2\/product\/1906","targetHints":{"allow":["GET"]}}],"collection":[{"href":"https:\/\/blackrhinotoolpro.com\/index.php\/wp-json\/wp\/v2\/product"}],"about":[{"href":"https:\/\/blackrhinotoolpro.com\/index.php\/wp-json\/wp\/v2\/types\/product"}],"wp:featuredmedia":[{"embeddable":true,"href":"https:\/\/blackrhinotoolpro.com\/index.php\/wp-json\/wp\/v2\/media\/1912"}],"wp:attachment":[{"href":"https:\/\/blackrhinotoolpro.com\/index.php\/wp-json\/wp\/v2\/media?parent=1906"}],"wp:term":[{"taxonomy":"product_brand","embeddable":true,"href":"https:\/\/blackrhinotoolpro.com\/index.php\/wp-json\/wp\/v2\/product_brand?post=1906"},{"taxonomy":"product_cat","embeddable":true,"href":"https:\/\/blackrhinotoolpro.com\/index.php\/wp-json\/wp\/v2\/product_cat?post=1906"},{"taxonomy":"product_tag","embeddable":true,"href":"https:\/\/blackrhinotoolpro.com\/index.php\/wp-json\/wp\/v2\/product_tag?post=1906"}],"curies":[{"name":"wp","href":"https:\/\/api.w.org\/{rel}","templated":true}]}}