{"id":1695,"date":"2025-11-27T19:39:16","date_gmt":"2025-11-27T19:39:16","guid":{"rendered":"https:\/\/blackrhinotoolpro.com\/?post_type=product&#038;p=1695"},"modified":"2026-03-25T01:04:48","modified_gmt":"2026-03-25T01:04:48","slug":"sf-1100-24-compresor-de-aire-0-75hp-con-motor-electrico-libre-de-aceite","status":"publish","type":"product","link":"https:\/\/blackrhinotoolpro.com\/index.php\/producto\/sf-1100-24-compresor-de-aire-0-75hp-con-motor-electrico-libre-de-aceite\/","title":{"rendered":"SF-1100-24 Compresor de aire 0.75hp con motor el\u00e9ctrico libre de aceite."},"content":{"rendered":"<p>Este equipo est\u00e1 fabricado en acero reforzado con acabado en pintura electrost\u00e1tica para evitar la corrosi\u00f3n. silencioso (65db) y ligero.<\/p>\n<p>Compresor de aire 0.75hp con motor el\u00e9ctrico libre de aceite. &#8211; tanque de 25 lts.<\/p>\n<p>Potencia: 1.5hp \/ 1.1kw<\/p>\n<p>Flujo de aire: 130l \/ min<\/p>\n<p>Presion maxima: 116psi \/ 8 bar<\/p>\n<p>F\u00e1cil de transportar por sus dos ruedas. tiene un motor de alta eficiencia, libre de aceite que no requiere mantenimiento. cuenta con dos man\u00f3metros de presi\u00f3n, uno indica la presi\u00f3n dentro del tanque y el segundo indica la presi\u00f3n de salida, adem\u00e1s de contar con v\u00e1lvula reguladora de presi\u00f3n.<\/p>\n<p>(Nota: El costo de envi\u00f3 es adicional, sera un gusto cotizarle.)<\/p>\n","protected":false},"excerpt":{"rendered":"<p>Este equipo est\u00e1 fabricado en acero reforzado con acabado en pintura electrost\u00e1tica para evitar la corrosi\u00f3n. silencioso (65db) y ligero. [&hellip;]<\/p>\n","protected":false},"featured_media":1727,"template":"","meta":{"content-type":"","site-sidebar-layout":"default","site-content-layout":"","ast-site-content-layout":"default","site-content-style":"default","site-sidebar-style":"default","ast-global-header-display":"","ast-banner-title-visibility":"","ast-main-header-display":"","ast-hfb-above-header-display":"","ast-hfb-below-header-display":"","ast-hfb-mobile-header-display":"","site-post-title":"","ast-breadcrumbs-content":"","ast-featured-img":"","footer-sml-layout":"","ast-disable-related-posts":"","theme-transparent-header-meta":"default","adv-header-id-meta":"","stick-header-meta":"","header-above-stick-meta":"","header-main-stick-meta":"","header-below-stick-meta":"","astra-migrate-meta-layouts":"set","ast-page-background-enabled":"default","ast-page-background-meta":{"desktop":{"background-color":"var(--ast-global-color-5)","background-image":"","background-repeat":"repeat","background-position":"center center","background-size":"auto","background-attachment":"scroll","background-type":"","background-media":"","overlay-type":"","overlay-color":"","overlay-opacity":"","overlay-gradient":""},"tablet":{"background-color":"","background-image":"","background-repeat":"repeat","background-position":"center center","background-size":"auto","background-attachment":"scroll","background-type":"","background-media":"","overlay-type":"","overlay-color":"","overlay-opacity":"","overlay-gradient":""},"mobile":{"background-color":"","background-image":"","background-repeat":"repeat","background-position":"center center","background-size":"auto","background-attachment":"scroll","background-type":"","background-media":"","overlay-type":"","overlay-color":"","overlay-opacity":"","overlay-gradient":""}},"ast-content-background-meta":{"desktop":{"background-color":"var(--ast-global-color-4)","background-image":"","background-repeat":"repeat","background-position":"center center","background-size":"auto","background-attachment":"scroll","background-type":"","background-media":"","overlay-type":"","overlay-color":"","overlay-opacity":"","overlay-gradient":""},"tablet":{"background-color":"var(--ast-global-color-4)","background-image":"","background-repeat":"repeat","background-position":"center center","background-size":"auto","background-attachment":"scroll","background-type":"","background-media":"","overlay-type":"","overlay-color":"","overlay-opacity":"","overlay-gradient":""},"mobile":{"background-color":"var(--ast-global-color-4)","background-image":"","background-repeat":"repeat","background-position":"center center","background-size":"auto","background-attachment":"scroll","background-type":"","background-media":"","overlay-type":"","overlay-color":"","overlay-opacity":"","overlay-gradient":""}}},"product_brand":[],"product_cat":[114,115,31,33],"product_tag":[],"class_list":{"0":"post-1695","1":"product","2":"type-product","3":"status-publish","4":"has-post-thumbnail","6":"product_cat-compresor","7":"product_cat-compresor-de-aire","8":"product_cat-equipos-para-taller","9":"product_cat-ferreteria","10":"desktop-align-center","11":"tablet-align-center","12":"mobile-align-center","14":"first","15":"instock","16":"shipping-taxable","17":"purchasable","18":"product-type-simple"},"_links":{"self":[{"href":"https:\/\/blackrhinotoolpro.com\/index.php\/wp-json\/wp\/v2\/product\/1695","targetHints":{"allow":["GET"]}}],"collection":[{"href":"https:\/\/blackrhinotoolpro.com\/index.php\/wp-json\/wp\/v2\/product"}],"about":[{"href":"https:\/\/blackrhinotoolpro.com\/index.php\/wp-json\/wp\/v2\/types\/product"}],"wp:featuredmedia":[{"embeddable":true,"href":"https:\/\/blackrhinotoolpro.com\/index.php\/wp-json\/wp\/v2\/media\/1727"}],"wp:attachment":[{"href":"https:\/\/blackrhinotoolpro.com\/index.php\/wp-json\/wp\/v2\/media?parent=1695"}],"wp:term":[{"taxonomy":"product_brand","embeddable":true,"href":"https:\/\/blackrhinotoolpro.com\/index.php\/wp-json\/wp\/v2\/product_brand?post=1695"},{"taxonomy":"product_cat","embeddable":true,"href":"https:\/\/blackrhinotoolpro.com\/index.php\/wp-json\/wp\/v2\/product_cat?post=1695"},{"taxonomy":"product_tag","embeddable":true,"href":"https:\/\/blackrhinotoolpro.com\/index.php\/wp-json\/wp\/v2\/product_tag?post=1695"}],"curies":[{"name":"wp","href":"https:\/\/api.w.org\/{rel}","templated":true}]}}