{"id":1411,"date":"2025-10-24T00:06:34","date_gmt":"2025-10-24T00:06:34","guid":{"rendered":"https:\/\/blackrhinotoolpro.com\/?post_type=product&#038;p=1411"},"modified":"2025-12-01T13:29:35","modified_gmt":"2025-12-01T13:29:35","slug":"rh-4603-soldador-inverter-180a-7-6kva","status":"publish","type":"product","link":"https:\/\/blackrhinotoolpro.com\/index.php\/producto\/rh-4603-soldador-inverter-180a-7-6kva\/","title":{"rendered":"RH-4603V Soldador Inverter 180A 7.6KVA"},"content":{"rendered":"<div id=\"panelsStayOpen-collapseOne\" class=\"accordion-collapse collapse show\" aria-labelledby=\"panelsStayOpen-headingOne\">\n<div class=\"accordion-body\">\n<div><strong>Caracter\u00edsticas:\u00a0<\/strong><\/div>\n<div><\/div>\n<div class=\"ExternalClass8B0448214CBD4C0D8D491C2647B27B55\">-Dotada de la tecnolog\u00eda IGBT (transistor bipolar de puerta aislada) la otorga una mejor calidad de soldadura, mayor penetraci\u00f3n en el material, menor consumo de energ\u00eda y una elevada eficiencia.<\/div>\n<div>-\u00d3ptima protecci\u00f3n autom\u00e1tica de corriente de cortocircuito, f\u00e1cil de arranque, menos chispas y un excelente rendimiento de arco en la superficie oxidada.<\/div>\n<div>-Capaz de trabajar con electrodos MMA de 3.2 mm<\/div>\n<div>-Mango incorporado para facilitar el transporte<\/div>\n<div>-Potente motor que permite una potencia de entrada m\u00e1xima de 7.6KVA<\/div>\n<div>-Protecci\u00f3n autom\u00e1tica m\u00faltiple de sobretensi\u00f3n, sobrecalentamiento, sobrecorriente y sobrecarga.<\/div>\n<div>-Encendido por calor, control termost\u00e1tico, soldadura confiable.<\/div>\n<div>-Equipo de soldadura ideal para soldadores novatos.<\/div>\n<div>-La pantalla digital incorporada permite una soldadura muy precisa, agregando datos actuales precisos durante la operaci\u00f3n y admitiendo de manera confiable la operaci\u00f3n de soldadura<\/div>\n<div>-Sistema de enfriamiento profesional aumenta la eficiencia y perdurabilidad de la soldadura.<\/div>\n<\/div>\n<\/div>\n","protected":false},"excerpt":{"rendered":"<p>Caracter\u00edsticas:\u00a0 -Dotada de la tecnolog\u00eda IGBT (transistor bipolar de puerta aislada) la otorga una mejor calidad de soldadura, mayor penetraci\u00f3n [&hellip;]<\/p>\n","protected":false},"featured_media":1417,"template":"","meta":{"content-type":"","site-sidebar-layout":"default","site-content-layout":"","ast-site-content-layout":"default","site-content-style":"default","site-sidebar-style":"default","ast-global-header-display":"","ast-banner-title-visibility":"","ast-main-header-display":"","ast-hfb-above-header-display":"","ast-hfb-below-header-display":"","ast-hfb-mobile-header-display":"","site-post-title":"","ast-breadcrumbs-content":"","ast-featured-img":"","footer-sml-layout":"","ast-disable-related-posts":"","theme-transparent-header-meta":"default","adv-header-id-meta":"","stick-header-meta":"","header-above-stick-meta":"","header-main-stick-meta":"","header-below-stick-meta":"","astra-migrate-meta-layouts":"set","ast-page-background-enabled":"default","ast-page-background-meta":{"desktop":{"background-color":"var(--ast-global-color-5)","background-image":"","background-repeat":"repeat","background-position":"center center","background-size":"auto","background-attachment":"scroll","background-type":"","background-media":"","overlay-type":"","overlay-color":"","overlay-opacity":"","overlay-gradient":""},"tablet":{"background-color":"","background-image":"","background-repeat":"repeat","background-position":"center center","background-size":"auto","background-attachment":"scroll","background-type":"","background-media":"","overlay-type":"","overlay-color":"","overlay-opacity":"","overlay-gradient":""},"mobile":{"background-color":"","background-image":"","background-repeat":"repeat","background-position":"center center","background-size":"auto","background-attachment":"scroll","background-type":"","background-media":"","overlay-type":"","overlay-color":"","overlay-opacity":"","overlay-gradient":""}},"ast-content-background-meta":{"desktop":{"background-color":"var(--ast-global-color-4)","background-image":"","background-repeat":"repeat","background-position":"center center","background-size":"auto","background-attachment":"scroll","background-type":"","background-media":"","overlay-type":"","overlay-color":"","overlay-opacity":"","overlay-gradient":""},"tablet":{"background-color":"var(--ast-global-color-4)","background-image":"","background-repeat":"repeat","background-position":"center center","background-size":"auto","background-attachment":"scroll","background-type":"","background-media":"","overlay-type":"","overlay-color":"","overlay-opacity":"","overlay-gradient":""},"mobile":{"background-color":"var(--ast-global-color-4)","background-image":"","background-repeat":"repeat","background-position":"center center","background-size":"auto","background-attachment":"scroll","background-type":"","background-media":"","overlay-type":"","overlay-color":"","overlay-opacity":"","overlay-gradient":""}}},"product_brand":[],"product_cat":[33,34],"product_tag":[],"class_list":{"0":"post-1411","1":"product","2":"type-product","3":"status-publish","4":"has-post-thumbnail","6":"product_cat-ferreteria","7":"product_cat-soldadoras","8":"desktop-align-center","9":"tablet-align-center","10":"mobile-align-center","12":"first","13":"instock","14":"shipping-taxable","15":"purchasable","16":"product-type-simple"},"_links":{"self":[{"href":"https:\/\/blackrhinotoolpro.com\/index.php\/wp-json\/wp\/v2\/product\/1411","targetHints":{"allow":["GET"]}}],"collection":[{"href":"https:\/\/blackrhinotoolpro.com\/index.php\/wp-json\/wp\/v2\/product"}],"about":[{"href":"https:\/\/blackrhinotoolpro.com\/index.php\/wp-json\/wp\/v2\/types\/product"}],"wp:featuredmedia":[{"embeddable":true,"href":"https:\/\/blackrhinotoolpro.com\/index.php\/wp-json\/wp\/v2\/media\/1417"}],"wp:attachment":[{"href":"https:\/\/blackrhinotoolpro.com\/index.php\/wp-json\/wp\/v2\/media?parent=1411"}],"wp:term":[{"taxonomy":"product_brand","embeddable":true,"href":"https:\/\/blackrhinotoolpro.com\/index.php\/wp-json\/wp\/v2\/product_brand?post=1411"},{"taxonomy":"product_cat","embeddable":true,"href":"https:\/\/blackrhinotoolpro.com\/index.php\/wp-json\/wp\/v2\/product_cat?post=1411"},{"taxonomy":"product_tag","embeddable":true,"href":"https:\/\/blackrhinotoolpro.com\/index.php\/wp-json\/wp\/v2\/product_tag?post=1411"}],"curies":[{"name":"wp","href":"https:\/\/api.w.org\/{rel}","templated":true}]}}