{"id":1339,"date":"2025-09-03T01:55:57","date_gmt":"2025-09-03T01:55:57","guid":{"rendered":"https:\/\/blackrhinotoolpro.com\/?post_type=product&#038;p=1339"},"modified":"2025-12-01T13:29:36","modified_gmt":"2025-12-01T13:29:36","slug":"ra-f30-clavadora-neumatica-2mm-calibre18","status":"publish","type":"product","link":"https:\/\/blackrhinotoolpro.com\/index.php\/producto\/ra-f30-clavadora-neumatica-2mm-calibre18\/","title":{"rendered":"RA-F30 Clavadora Neum\u00e1tica 2mm Calibre18"},"content":{"rendered":"<div id=\"panelsStayOpen-collapseOne\" class=\"accordion-collapse collapse show\" aria-labelledby=\"panelsStayOpen-headingOne\">\n<div class=\"accordion-body\">\n<div>Caracteristicas:<\/div>\n<div id=\"panelsStayOpen-collapseOne\" class=\"accordion-collapse collapse show\" aria-labelledby=\"panelsStayOpen-headingOne\">\n<div class=\"accordion-body\">\n<div class=\"ExternalClass19DBC4FAB72148E3A154CCA2A698D069\">-Escape de aire en el parte posterior junto con un mecanismo que reduce el ruido de la herramienta brinda el mejor rendimiento de la m\u00e1quina<\/div>\n<div>-Empu\u00f1adura antideslizante brinda un trabajo c\u00f3modo<\/div>\n<div>-Gancho para el cintur\u00f3n facilita traslado de la herramienta<\/div>\n<div>-Cilindro pl\u00e1stico que contiene aceite, no necesita rellenar hasta 1 mill\u00f3n disparos<\/div>\n<div>-Cargador pl\u00e1stico resulta en una herramienta m\u00e1s ligero de mayor durabilidad<\/div>\n<div>-Cargador con recubrimiento de TPU, amortigua el impacto de la ca\u00edda y facilita cerrar el cargador.<\/div>\n<div><\/div>\n<\/div>\n<div>La clavadora neum\u00e1tica se considera una de las herramientas esenciales y pr\u00e1cticas para clavar en los proyectos de construcci\u00f3n. Como lo que es obvio, esta m\u00e1quina se alimenta del aire comprimido para poder clavar en distintos tipos de superficie. Este tipo de herramienta neum\u00e1tica se utiliza clavos para realizar diversas tareas de montaje, instalaci\u00f3n, carpinter\u00eda, decoraci\u00f3n y etc. La clavadora neum\u00e1tica 2 mm de calibre 18 Ronix RA-F30 funciona con presi\u00f3n de aire de m\u00e1xima 600PSI. Si desea obtener m\u00e1s informaci\u00f3n detallada sobre esta herramienta neum\u00e1tica Ronix, le ofrecemos leer las partes de especificaci\u00f3n y de la descripci\u00f3n detallada en la continuaci\u00f3n.<\/div>\n<\/div>\n<\/div>\n<\/div>\n","protected":false},"excerpt":{"rendered":"<p>Caracteristicas: -Escape de aire en el parte posterior junto con un mecanismo que reduce el ruido de la herramienta brinda [&hellip;]<\/p>\n","protected":false},"featured_media":1340,"template":"","meta":{"content-type":"","site-sidebar-layout":"default","site-content-layout":"","ast-site-content-layout":"default","site-content-style":"default","site-sidebar-style":"default","ast-global-header-display":"","ast-banner-title-visibility":"","ast-main-header-display":"","ast-hfb-above-header-display":"","ast-hfb-below-header-display":"","ast-hfb-mobile-header-display":"","site-post-title":"","ast-breadcrumbs-content":"","ast-featured-img":"","footer-sml-layout":"","ast-disable-related-posts":"","theme-transparent-header-meta":"default","adv-header-id-meta":"","stick-header-meta":"","header-above-stick-meta":"","header-main-stick-meta":"","header-below-stick-meta":"","astra-migrate-meta-layouts":"set","ast-page-background-enabled":"default","ast-page-background-meta":{"desktop":{"background-color":"var(--ast-global-color-5)","background-image":"","background-repeat":"repeat","background-position":"center center","background-size":"auto","background-attachment":"scroll","background-type":"","background-media":"","overlay-type":"","overlay-color":"","overlay-opacity":"","overlay-gradient":""},"tablet":{"background-color":"","background-image":"","background-repeat":"repeat","background-position":"center center","background-size":"auto","background-attachment":"scroll","background-type":"","background-media":"","overlay-type":"","overlay-color":"","overlay-opacity":"","overlay-gradient":""},"mobile":{"background-color":"","background-image":"","background-repeat":"repeat","background-position":"center center","background-size":"auto","background-attachment":"scroll","background-type":"","background-media":"","overlay-type":"","overlay-color":"","overlay-opacity":"","overlay-gradient":""}},"ast-content-background-meta":{"desktop":{"background-color":"var(--ast-global-color-4)","background-image":"","background-repeat":"repeat","background-position":"center center","background-size":"auto","background-attachment":"scroll","background-type":"","background-media":"","overlay-type":"","overlay-color":"","overlay-opacity":"","overlay-gradient":""},"tablet":{"background-color":"var(--ast-global-color-4)","background-image":"","background-repeat":"repeat","background-position":"center center","background-size":"auto","background-attachment":"scroll","background-type":"","background-media":"","overlay-type":"","overlay-color":"","overlay-opacity":"","overlay-gradient":""},"mobile":{"background-color":"var(--ast-global-color-4)","background-image":"","background-repeat":"repeat","background-position":"center center","background-size":"auto","background-attachment":"scroll","background-type":"","background-media":"","overlay-type":"","overlay-color":"","overlay-opacity":"","overlay-gradient":""}}},"product_brand":[],"product_cat":[89,33],"product_tag":[],"class_list":{"0":"post-1339","1":"product","2":"type-product","3":"status-publish","4":"has-post-thumbnail","6":"product_cat-clavadora-neumatica","7":"product_cat-ferreteria","8":"desktop-align-center","9":"tablet-align-center","10":"mobile-align-center","12":"first","13":"instock","14":"shipping-taxable","15":"purchasable","16":"product-type-simple"},"_links":{"self":[{"href":"https:\/\/blackrhinotoolpro.com\/index.php\/wp-json\/wp\/v2\/product\/1339","targetHints":{"allow":["GET"]}}],"collection":[{"href":"https:\/\/blackrhinotoolpro.com\/index.php\/wp-json\/wp\/v2\/product"}],"about":[{"href":"https:\/\/blackrhinotoolpro.com\/index.php\/wp-json\/wp\/v2\/types\/product"}],"wp:featuredmedia":[{"embeddable":true,"href":"https:\/\/blackrhinotoolpro.com\/index.php\/wp-json\/wp\/v2\/media\/1340"}],"wp:attachment":[{"href":"https:\/\/blackrhinotoolpro.com\/index.php\/wp-json\/wp\/v2\/media?parent=1339"}],"wp:term":[{"taxonomy":"product_brand","embeddable":true,"href":"https:\/\/blackrhinotoolpro.com\/index.php\/wp-json\/wp\/v2\/product_brand?post=1339"},{"taxonomy":"product_cat","embeddable":true,"href":"https:\/\/blackrhinotoolpro.com\/index.php\/wp-json\/wp\/v2\/product_cat?post=1339"},{"taxonomy":"product_tag","embeddable":true,"href":"https:\/\/blackrhinotoolpro.com\/index.php\/wp-json\/wp\/v2\/product_tag?post=1339"}],"curies":[{"name":"wp","href":"https:\/\/api.w.org\/{rel}","templated":true}]}}