{"id":1193,"date":"2025-07-09T16:35:12","date_gmt":"2025-07-09T16:35:12","guid":{"rendered":"https:\/\/blackrhinotoolpro.com\/?post_type=product&#038;p=1193"},"modified":"2026-03-25T01:14:36","modified_gmt":"2026-03-25T01:14:36","slug":"2221v-taladro-percutor-electrico","status":"publish","type":"product","link":"https:\/\/blackrhinotoolpro.com\/index.php\/producto\/2221v-taladro-percutor-electrico\/","title":{"rendered":"2221V Taladro Percutor El\u00e9ctrico"},"content":{"rendered":"<p>Caracter\u00edsticas:<\/p>\n<p>-Alta resistencia, motor de larga vida 1050W para las mejores prestaciones en perforaci\u00f3n y impacto<br \/>\n-Durable, fuerte chuck de 13 mm de tecla asegura la m\u00e1xima eficiencia<br \/>\n-Metal caja de cambios permite aplicaciones pesadas y mejora la vida \u00fatil<br \/>\n-Alto ritmo de impacto para la mejor eficiencia en el modo de perforaci\u00f3n de impacto<br \/>\nEl mango lateral ergon\u00f3mico giratorio rotativo minimiza la vibraci\u00f3n y permite un trabajo continuo de baja fatiga<br \/>\n-2 funciones de velocidad competentes para aplicaciones de alta velocidad y alta potencia<br \/>\n&#8211; Interruptor de pecho anti para reducir la penetraci\u00f3n del polvo<br \/>\n-Conteo de velocidad variable para trabajar a velocidades personalizadas para adaptarse a diversos materiales de aplicaci\u00f3n<br \/>\n-Autamiento e inverso funciones de rotaci\u00f3n<\/p>\n<p>Los simulacros de impacto son parte de las herramientas b\u00e1sicas de cualquier manitas, incluso para proyectos ocasionales. Sin embargo, en el mercado, todos pueden parecer iguales. Sigue leyendo para saber lo que necesitas saber al elegir. Una m\u00e1quina \u00abbien equipada\u00bb debe venir con al menos dos velocidades mec\u00e1nicas, una cerradura autom\u00e1tica de eje durante la rotaci\u00f3n, y un gatillo de velocidad variable, que es esencial para perforar y perforaci\u00f3n de impacto. El taladro de impacto Ronix 2221V con potencia de 1050W y 2 modos de funcionamiento (0-1200 RPM, 0-3200 RPM) ofrece un rendimiento significativo al perforar hormig\u00f3n o incluso piedra donde un taladro convencional tendr\u00eda problemas para perforar. Del mismo modo, el taladro de impacto en cord\u00f3n de cord\u00f3n Ronix 2221 se fabrica con todas las caracter\u00edsticas y capacidades enumeradas, la \u00fanica diferencia entre estos dos dispositivos es su voltaje.<\/p>\n<p>&nbsp;<\/p>\n<div id=\"panelsStayOpen-headingThree\" class=\"accordion-header\"><\/div>\n<div id=\"panelsStayOpen-collapseThree\" class=\"accordion-collapse collapse show\" aria-labelledby=\"panelsStayOpen-headingThree\">\n<div class=\"accordion-body\">\n<table>\n<tbody>\n<tr>\n<td>Modelo<\/td>\n<td>2221v<\/td>\n<\/tr>\n<tr>\n<td>Tipo Chuck<\/td>\n<td>Llamada<\/td>\n<\/tr>\n<tr>\n<td>Tama\u00f1o Chuck<\/td>\n<td>13 mm<\/td>\n<\/tr>\n<tr>\n<td>Potencia<\/td>\n<td>1050W<\/td>\n<\/tr>\n<tr>\n<td>Capacidad m\u00e1xima en la madera<\/td>\n<td>40 mm<\/td>\n<\/tr>\n<tr>\n<td>Frecuencia<\/td>\n<td>50-60Hz<\/td>\n<\/tr>\n<tr>\n<td>Capacidad m\u00e1xima en acero<\/td>\n<td>13 mm<\/td>\n<\/tr>\n<tr>\n<td>Velocidad sin carga<\/td>\n<td>\u00ab0-1200 RPM 0-3200 RPM\u00bb<\/td>\n<\/tr>\n<tr>\n<td>Luto<\/td>\n<td>3kg<\/td>\n<\/tr>\n<tr>\n<td>Tensi\u00f3n<\/td>\n<td>110V<\/td>\n<\/tr>\n<tr>\n<td>Capacidad m\u00e1xima en hormig\u00f3n<\/td>\n<td>16 mm<\/td>\n<\/tr>\n<tr>\n<td>Suministrado en<\/td>\n<td>Caja de color Ronix<\/td>\n<\/tr>\n<tr>\n<td>Incluye<\/td>\n<td>Manija auxiliar de dise\u00f1o Ronix, Man\u00f3metro de profundidad, cepillo de carbono, tecla Chuck<\/td>\n<\/tr>\n<\/tbody>\n<\/table>\n<\/div>\n<\/div>\n","protected":false},"excerpt":{"rendered":"<p>Caracter\u00edsticas: -Alta resistencia, motor de larga vida 1050W para las mejores prestaciones en perforaci\u00f3n y impacto -Durable, fuerte chuck de [&hellip;]<\/p>\n","protected":false},"featured_media":1197,"template":"","meta":{"content-type":"","site-sidebar-layout":"default","site-content-layout":"","ast-site-content-layout":"default","site-content-style":"default","site-sidebar-style":"default","ast-global-header-display":"","ast-banner-title-visibility":"","ast-main-header-display":"","ast-hfb-above-header-display":"","ast-hfb-below-header-display":"","ast-hfb-mobile-header-display":"","site-post-title":"","ast-breadcrumbs-content":"","ast-featured-img":"","footer-sml-layout":"","ast-disable-related-posts":"","theme-transparent-header-meta":"default","adv-header-id-meta":"","stick-header-meta":"","header-above-stick-meta":"","header-main-stick-meta":"","header-below-stick-meta":"","astra-migrate-meta-layouts":"set","ast-page-background-enabled":"default","ast-page-background-meta":{"desktop":{"background-color":"var(--ast-global-color-5)","background-image":"","background-repeat":"repeat","background-position":"center center","background-size":"auto","background-attachment":"scroll","background-type":"","background-media":"","overlay-type":"","overlay-color":"","overlay-opacity":"","overlay-gradient":""},"tablet":{"background-color":"","background-image":"","background-repeat":"repeat","background-position":"center center","background-size":"auto","background-attachment":"scroll","background-type":"","background-media":"","overlay-type":"","overlay-color":"","overlay-opacity":"","overlay-gradient":""},"mobile":{"background-color":"","background-image":"","background-repeat":"repeat","background-position":"center center","background-size":"auto","background-attachment":"scroll","background-type":"","background-media":"","overlay-type":"","overlay-color":"","overlay-opacity":"","overlay-gradient":""}},"ast-content-background-meta":{"desktop":{"background-color":"var(--ast-global-color-4)","background-image":"","background-repeat":"repeat","background-position":"center center","background-size":"auto","background-attachment":"scroll","background-type":"","background-media":"","overlay-type":"","overlay-color":"","overlay-opacity":"","overlay-gradient":""},"tablet":{"background-color":"var(--ast-global-color-4)","background-image":"","background-repeat":"repeat","background-position":"center center","background-size":"auto","background-attachment":"scroll","background-type":"","background-media":"","overlay-type":"","overlay-color":"","overlay-opacity":"","overlay-gradient":""},"mobile":{"background-color":"var(--ast-global-color-4)","background-image":"","background-repeat":"repeat","background-position":"center center","background-size":"auto","background-attachment":"scroll","background-type":"","background-media":"","overlay-type":"","overlay-color":"","overlay-opacity":"","overlay-gradient":""}}},"product_brand":[],"product_cat":[33,81],"product_tag":[],"class_list":{"0":"post-1193","1":"product","2":"type-product","3":"status-publish","4":"has-post-thumbnail","6":"product_cat-ferreteria","7":"product_cat-taladro-percutor-electrico","8":"desktop-align-center","9":"tablet-align-center","10":"mobile-align-center","12":"first","13":"instock","14":"shipping-taxable","15":"purchasable","16":"product-type-simple"},"_links":{"self":[{"href":"https:\/\/blackrhinotoolpro.com\/index.php\/wp-json\/wp\/v2\/product\/1193","targetHints":{"allow":["GET"]}}],"collection":[{"href":"https:\/\/blackrhinotoolpro.com\/index.php\/wp-json\/wp\/v2\/product"}],"about":[{"href":"https:\/\/blackrhinotoolpro.com\/index.php\/wp-json\/wp\/v2\/types\/product"}],"wp:featuredmedia":[{"embeddable":true,"href":"https:\/\/blackrhinotoolpro.com\/index.php\/wp-json\/wp\/v2\/media\/1197"}],"wp:attachment":[{"href":"https:\/\/blackrhinotoolpro.com\/index.php\/wp-json\/wp\/v2\/media?parent=1193"}],"wp:term":[{"taxonomy":"product_brand","embeddable":true,"href":"https:\/\/blackrhinotoolpro.com\/index.php\/wp-json\/wp\/v2\/product_brand?post=1193"},{"taxonomy":"product_cat","embeddable":true,"href":"https:\/\/blackrhinotoolpro.com\/index.php\/wp-json\/wp\/v2\/product_cat?post=1193"},{"taxonomy":"product_tag","embeddable":true,"href":"https:\/\/blackrhinotoolpro.com\/index.php\/wp-json\/wp\/v2\/product_tag?post=1193"}],"curies":[{"name":"wp","href":"https:\/\/api.w.org\/{rel}","templated":true}]}}