{"id":1159,"date":"2025-06-26T19:43:45","date_gmt":"2025-06-26T19:43:45","guid":{"rendered":"https:\/\/blackrhinotoolpro.com\/?post_type=product&#038;p=1159"},"modified":"2026-01-09T19:09:48","modified_gmt":"2026-01-09T19:09:48","slug":"rh-2715-juego-de-destornillador-24-piezas","status":"publish","type":"product","link":"https:\/\/blackrhinotoolpro.com\/index.php\/producto\/rh-2715-juego-de-destornillador-24-piezas\/","title":{"rendered":"RH-2715 Juego de destornillador (24 piezas)"},"content":{"rendered":"<h3 data-start=\"213\" data-end=\"243\">\ud83e\uddf0 <strong data-start=\"220\" data-end=\"243\">Descripci\u00f3n general<\/strong><\/h3>\n<p data-start=\"244\" data-end=\"463\">El <strong data-start=\"247\" data-end=\"264\">Ronix RH\u20112715<\/strong> es un <strong data-start=\"271\" data-end=\"298\">set compacto y vers\u00e1til<\/strong> de 24 piezas, ideal para trabajos de precisi\u00f3n en electr\u00f3nica, reparaci\u00f3n de electrodom\u00e9sticos, relojer\u00eda, computadoras, y tareas ligeras de bricolaje y automotriz.<\/p>\n<hr data-start=\"465\" data-end=\"468\" \/>\n<h3 data-start=\"470\" data-end=\"498\">\ud83d\udce6 <strong data-start=\"477\" data-end=\"498\">Contenido del kit<\/strong><\/h3>\n<div class=\"_tableContainer_16hzy_1\">\n<div class=\"_tableWrapper_16hzy_14 group flex w-fit flex-col-reverse\" tabindex=\"-1\">\n<table class=\"w-fit min-w-(--thread-content-width)\" data-start=\"500\" data-end=\"907\">\n<thead data-start=\"500\" data-end=\"537\">\n<tr data-start=\"500\" data-end=\"537\">\n<th data-start=\"500\" data-end=\"516\" data-col-size=\"sm\">Tipo de punta<\/th>\n<th data-start=\"516\" data-end=\"537\" data-col-size=\"md\">Tama\u00f1os incluidos<\/th>\n<\/tr>\n<\/thead>\n<tbody data-start=\"576\" data-end=\"907\">\n<tr data-start=\"576\" data-end=\"620\">\n<td data-start=\"576\" data-end=\"598\" data-col-size=\"sm\"><strong data-start=\"578\" data-end=\"593\">Planas (SL)<\/strong><\/td>\n<td data-col-size=\"md\" data-start=\"598\" data-end=\"620\">SL3, SL4, SL5, SL6<\/td>\n<\/tr>\n<tr data-start=\"621\" data-end=\"665\">\n<td data-start=\"621\" data-end=\"643\" data-col-size=\"sm\"><strong data-start=\"623\" data-end=\"640\">Phillips (PH)<\/strong><\/td>\n<td data-col-size=\"md\" data-start=\"643\" data-end=\"665\">PH0, PH1, PH2, PH3<\/td>\n<\/tr>\n<tr data-start=\"666\" data-end=\"700\">\n<td data-start=\"666\" data-end=\"688\" data-col-size=\"sm\"><strong data-start=\"668\" data-end=\"685\">Pozidriv (PZ)<\/strong><\/td>\n<td data-start=\"688\" data-end=\"700\" data-col-size=\"md\">PZ1, PZ2<\/td>\n<\/tr>\n<tr data-start=\"701\" data-end=\"736\">\n<td data-start=\"701\" data-end=\"724\" data-col-size=\"sm\"><strong data-start=\"703\" data-end=\"715\">Torx (T)<\/strong><\/td>\n<td data-col-size=\"md\" data-start=\"724\" data-end=\"736\">T15, T20<\/td>\n<\/tr>\n<tr data-start=\"737\" data-end=\"773\">\n<td data-start=\"737\" data-end=\"759\" data-col-size=\"sm\"><strong data-start=\"739\" data-end=\"758\">Hexagonales (H)<\/strong><\/td>\n<td data-col-size=\"md\" data-start=\"759\" data-end=\"773\">H4, H5, H6<\/td>\n<\/tr>\n<tr data-start=\"774\" data-end=\"827\">\n<td data-start=\"774\" data-end=\"796\" data-col-size=\"sm\"><strong data-start=\"776\" data-end=\"795\">Dados (sockets)<\/strong><\/td>\n<td data-col-size=\"md\" data-start=\"796\" data-end=\"827\">5, 6, 7, 8, 9, 10 mm (1\/4\u2033)<\/td>\n<\/tr>\n<tr data-start=\"828\" data-end=\"907\">\n<td data-start=\"828\" data-end=\"851\" data-col-size=\"sm\"><strong data-start=\"830\" data-end=\"844\">Accesorios<\/strong><\/td>\n<td data-col-size=\"md\" data-start=\"851\" data-end=\"907\">Adaptador 4\u20136 mm, conector 5 mm, mango con trinquete<\/td>\n<\/tr>\n<\/tbody>\n<\/table>\n<\/div>\n<\/div>\n<p>&nbsp;<\/p>\n<div class=\"_tableContainer_16hzy_1\">\n<div class=\"_tableWrapper_16hzy_14 group flex w-fit flex-col-reverse\" tabindex=\"-1\"><\/div>\n<\/div>\n","protected":false},"excerpt":{"rendered":"<p>\ud83e\uddf0 Descripci\u00f3n general El Ronix RH\u20112715 es un set compacto y vers\u00e1til de 24 piezas, ideal para trabajos de precisi\u00f3n [&hellip;]<\/p>\n","protected":false},"featured_media":1162,"template":"","meta":{"content-type":"","site-sidebar-layout":"default","site-content-layout":"","ast-site-content-layout":"default","site-content-style":"default","site-sidebar-style":"default","ast-global-header-display":"","ast-banner-title-visibility":"","ast-main-header-display":"","ast-hfb-above-header-display":"","ast-hfb-below-header-display":"","ast-hfb-mobile-header-display":"","site-post-title":"","ast-breadcrumbs-content":"","ast-featured-img":"","footer-sml-layout":"","ast-disable-related-posts":"","theme-transparent-header-meta":"default","adv-header-id-meta":"","stick-header-meta":"","header-above-stick-meta":"","header-main-stick-meta":"","header-below-stick-meta":"","astra-migrate-meta-layouts":"set","ast-page-background-enabled":"default","ast-page-background-meta":{"desktop":{"background-color":"var(--ast-global-color-5)","background-image":"","background-repeat":"repeat","background-position":"center center","background-size":"auto","background-attachment":"scroll","background-type":"","background-media":"","overlay-type":"","overlay-color":"","overlay-opacity":"","overlay-gradient":""},"tablet":{"background-color":"","background-image":"","background-repeat":"repeat","background-position":"center center","background-size":"auto","background-attachment":"scroll","background-type":"","background-media":"","overlay-type":"","overlay-color":"","overlay-opacity":"","overlay-gradient":""},"mobile":{"background-color":"","background-image":"","background-repeat":"repeat","background-position":"center center","background-size":"auto","background-attachment":"scroll","background-type":"","background-media":"","overlay-type":"","overlay-color":"","overlay-opacity":"","overlay-gradient":""}},"ast-content-background-meta":{"desktop":{"background-color":"var(--ast-global-color-4)","background-image":"","background-repeat":"repeat","background-position":"center center","background-size":"auto","background-attachment":"scroll","background-type":"","background-media":"","overlay-type":"","overlay-color":"","overlay-opacity":"","overlay-gradient":""},"tablet":{"background-color":"var(--ast-global-color-4)","background-image":"","background-repeat":"repeat","background-position":"center center","background-size":"auto","background-attachment":"scroll","background-type":"","background-media":"","overlay-type":"","overlay-color":"","overlay-opacity":"","overlay-gradient":""},"mobile":{"background-color":"var(--ast-global-color-4)","background-image":"","background-repeat":"repeat","background-position":"center center","background-size":"auto","background-attachment":"scroll","background-type":"","background-media":"","overlay-type":"","overlay-color":"","overlay-opacity":"","overlay-gradient":""}}},"product_brand":[],"product_cat":[33,65],"product_tag":[],"class_list":{"0":"post-1159","1":"product","2":"type-product","3":"status-publish","4":"has-post-thumbnail","6":"product_cat-ferreteria","7":"product_cat-herramientas-manuales","8":"desktop-align-center","9":"tablet-align-center","10":"mobile-align-center","12":"first","13":"instock","14":"shipping-taxable","15":"purchasable","16":"product-type-simple"},"_links":{"self":[{"href":"https:\/\/blackrhinotoolpro.com\/index.php\/wp-json\/wp\/v2\/product\/1159","targetHints":{"allow":["GET"]}}],"collection":[{"href":"https:\/\/blackrhinotoolpro.com\/index.php\/wp-json\/wp\/v2\/product"}],"about":[{"href":"https:\/\/blackrhinotoolpro.com\/index.php\/wp-json\/wp\/v2\/types\/product"}],"wp:featuredmedia":[{"embeddable":true,"href":"https:\/\/blackrhinotoolpro.com\/index.php\/wp-json\/wp\/v2\/media\/1162"}],"wp:attachment":[{"href":"https:\/\/blackrhinotoolpro.com\/index.php\/wp-json\/wp\/v2\/media?parent=1159"}],"wp:term":[{"taxonomy":"product_brand","embeddable":true,"href":"https:\/\/blackrhinotoolpro.com\/index.php\/wp-json\/wp\/v2\/product_brand?post=1159"},{"taxonomy":"product_cat","embeddable":true,"href":"https:\/\/blackrhinotoolpro.com\/index.php\/wp-json\/wp\/v2\/product_cat?post=1159"},{"taxonomy":"product_tag","embeddable":true,"href":"https:\/\/blackrhinotoolpro.com\/index.php\/wp-json\/wp\/v2\/product_tag?post=1159"}],"curies":[{"name":"wp","href":"https:\/\/api.w.org\/{rel}","templated":true}]}}