{"id":1025,"date":"2025-06-10T01:22:31","date_gmt":"2025-06-10T01:22:31","guid":{"rendered":"https:\/\/blackrhinotoolpro.com\/?post_type=product&#038;p=1025"},"modified":"2025-12-01T13:30:15","modified_gmt":"2025-12-01T13:30:15","slug":"rh-2721-juego-de-puntas-atornilladores-y-llaves-de-vaso-242pc-mango-tpr","status":"publish","type":"product","link":"https:\/\/blackrhinotoolpro.com\/index.php\/producto\/rh-2721-juego-de-puntas-atornilladores-y-llaves-de-vaso-242pc-mango-tpr\/","title":{"rendered":"RH-2721 Juego de Puntas Atornilladores y Llaves de Vaso 24+2PC + mango TPR"},"content":{"rendered":"<div>Caracteristicas:<\/div>\n<div><\/div>\n<div id=\"panelsStayOpen-collapseOne\" class=\"accordion-collapse collapse show\" aria-labelledby=\"panelsStayOpen-headingOne\">\n<div class=\"accordion-body\">\n<div class=\"ExternalClass435F9CE5388A49A5B3920FD8AE8F56B4\">-Juego de 24+2 incluye diferentes tipos de puntas atornilladores en 24 tama\u00f1os, adem\u00e1s de un mango de trinquete TPR<br \/>\n-Juego adecuado para varios tipos de requisitos empacado en bolsa textil enrollable de Ronix<br \/>\n-Puntas atornilladoras fabricadas de acero al CR. V de alta calidad asegura el mayor rendimiento en uso de larga duraci\u00f3n<br \/>\n-Punta endurecida de alta resistencia garantiza la solidez y la durabilidad<br \/>\n-Puntas atornilladores cromadas considera una ventaja para la alta resistencia e impide la prevenci\u00f3n de \u00f3xido<br \/>\n-Mango TPR ergon\u00f3mico \u00fanico de Ronix en 3 colores facilita un agarre c\u00f3modo y tambi\u00e9n el mejor control durante la operaci\u00f3n<br \/>\n-Cabeza magn\u00e9tica mejora la precisi\u00f3n y brinda un agarre c\u00f3modo y seguro<br \/>\n-Dise\u00f1o TPR profesional de Ronix resulta un mango que equilibre la velocidad y el torque en diferentes tipos de tornillos<br \/>\n-Agujero en el mango facilita colgar el destornillador en diferentes lugares del trabajo<\/div>\n<\/div>\n<\/div>\n","protected":false},"excerpt":{"rendered":"<p>Caracteristicas: -Juego de 24+2 incluye diferentes tipos de puntas atornilladores en 24 tama\u00f1os, adem\u00e1s de un mango de trinquete TPR [&hellip;]<\/p>\n","protected":false},"featured_media":1031,"template":"","meta":{"content-type":"","site-sidebar-layout":"default","site-content-layout":"","ast-site-content-layout":"default","site-content-style":"default","site-sidebar-style":"default","ast-global-header-display":"","ast-banner-title-visibility":"","ast-main-header-display":"","ast-hfb-above-header-display":"","ast-hfb-below-header-display":"","ast-hfb-mobile-header-display":"","site-post-title":"","ast-breadcrumbs-content":"","ast-featured-img":"","footer-sml-layout":"","ast-disable-related-posts":"","theme-transparent-header-meta":"default","adv-header-id-meta":"","stick-header-meta":"","header-above-stick-meta":"","header-main-stick-meta":"","header-below-stick-meta":"","astra-migrate-meta-layouts":"set","ast-page-background-enabled":"default","ast-page-background-meta":{"desktop":{"background-color":"var(--ast-global-color-5)","background-image":"","background-repeat":"repeat","background-position":"center center","background-size":"auto","background-attachment":"scroll","background-type":"","background-media":"","overlay-type":"","overlay-color":"","overlay-opacity":"","overlay-gradient":""},"tablet":{"background-color":"","background-image":"","background-repeat":"repeat","background-position":"center center","background-size":"auto","background-attachment":"scroll","background-type":"","background-media":"","overlay-type":"","overlay-color":"","overlay-opacity":"","overlay-gradient":""},"mobile":{"background-color":"","background-image":"","background-repeat":"repeat","background-position":"center center","background-size":"auto","background-attachment":"scroll","background-type":"","background-media":"","overlay-type":"","overlay-color":"","overlay-opacity":"","overlay-gradient":""}},"ast-content-background-meta":{"desktop":{"background-color":"var(--ast-global-color-4)","background-image":"","background-repeat":"repeat","background-position":"center center","background-size":"auto","background-attachment":"scroll","background-type":"","background-media":"","overlay-type":"","overlay-color":"","overlay-opacity":"","overlay-gradient":""},"tablet":{"background-color":"var(--ast-global-color-4)","background-image":"","background-repeat":"repeat","background-position":"center center","background-size":"auto","background-attachment":"scroll","background-type":"","background-media":"","overlay-type":"","overlay-color":"","overlay-opacity":"","overlay-gradient":""},"mobile":{"background-color":"var(--ast-global-color-4)","background-image":"","background-repeat":"repeat","background-position":"center center","background-size":"auto","background-attachment":"scroll","background-type":"","background-media":"","overlay-type":"","overlay-color":"","overlay-opacity":"","overlay-gradient":""}}},"product_brand":[],"product_cat":[33,65],"product_tag":[],"class_list":{"0":"post-1025","1":"product","2":"type-product","3":"status-publish","4":"has-post-thumbnail","6":"product_cat-ferreteria","7":"product_cat-herramientas-manuales","8":"desktop-align-center","9":"tablet-align-center","10":"mobile-align-center","12":"first","13":"instock","14":"shipping-taxable","15":"purchasable","16":"product-type-simple"},"_links":{"self":[{"href":"https:\/\/blackrhinotoolpro.com\/index.php\/wp-json\/wp\/v2\/product\/1025","targetHints":{"allow":["GET"]}}],"collection":[{"href":"https:\/\/blackrhinotoolpro.com\/index.php\/wp-json\/wp\/v2\/product"}],"about":[{"href":"https:\/\/blackrhinotoolpro.com\/index.php\/wp-json\/wp\/v2\/types\/product"}],"wp:featuredmedia":[{"embeddable":true,"href":"https:\/\/blackrhinotoolpro.com\/index.php\/wp-json\/wp\/v2\/media\/1031"}],"wp:attachment":[{"href":"https:\/\/blackrhinotoolpro.com\/index.php\/wp-json\/wp\/v2\/media?parent=1025"}],"wp:term":[{"taxonomy":"product_brand","embeddable":true,"href":"https:\/\/blackrhinotoolpro.com\/index.php\/wp-json\/wp\/v2\/product_brand?post=1025"},{"taxonomy":"product_cat","embeddable":true,"href":"https:\/\/blackrhinotoolpro.com\/index.php\/wp-json\/wp\/v2\/product_cat?post=1025"},{"taxonomy":"product_tag","embeddable":true,"href":"https:\/\/blackrhinotoolpro.com\/index.php\/wp-json\/wp\/v2\/product_tag?post=1025"}],"curies":[{"name":"wp","href":"https:\/\/api.w.org\/{rel}","templated":true}]}}